{"id":1648,"date":"2019-04-06T08:56:27","date_gmt":"2019-04-06T11:56:27","guid":{"rendered":"https:\/\/modelermaxpro.com\/?post_type=product&#038;p=1648"},"modified":"2022-08-13T11:21:54","modified_gmt":"2022-08-13T14:21:54","slug":"guia-para-la-corrosion-y-la-oxidacion-6099","status":"publish","type":"product","link":"https:\/\/modelermaxpro.com\/index.php\/product\/guia-para-la-corrosion-y-la-oxidacion-6099\/","title":{"rendered":"GU\u00cdA PARA LA CORROSI\u00d3N Y LA OXIDACI\u00d3N &#8211; 6099"},"content":{"rendered":"<div id=\"more_info_block\" class=\"clear box0\">\n<div id=\"more_info_sheets\" class=\"sheets align_justify\">\n<div id=\"idTab1\" class=\"rte content_hide_show\">\n<p>Los efectos del \u00f3xido y de la oxidaci\u00f3n, en todas sus variadas formas, son incre\u00edblemente populares entre modelistas de todas las tem\u00e1ticas y escalas. Debido a que la apariencia del \u00f3xido es infinitamente variada, por la influencia de los propios materiales y \u00e1mbitos, los modelistas, a menudo, no comprenden y malinterpretan el \u00f3xido, lo que les lleva a realizar modelos poco atractivos y realistas. Este libro elimina cualquier duda que el modelista pueda tener, familiarizando de manera sencilla al lector con diferentes tipos de \u00f3xido y con las t\u00e9cnicas que utilizar para crear efectos de \u00f3xido realistas y din\u00e1micos. El autor, Jari Hemil\u00e4, ha dedicado muchos a\u00f1os a estudiar los efectos del \u00f3xido y aprender a c\u00f3mo representar efectos de oxidaci\u00f3n de manera realista y precisa. Su pasi\u00f3n y dedicaci\u00f3n a este tema recompensar\u00e1 a todos los lectores con nuevas ideas, herramientas y t\u00e9cnicas innovadoras. Esta Gu\u00eda para la Oxidaci\u00f3n y la Corrosi\u00f3n ofrece una oportunidad \u00fanica para mejorar tus habilidades y tus pr\u00f3ximos proyectos.<\/p>\n<p>Esta gu\u00eda completa comienza examinando c\u00f3mo afrontar cada proyecto de \u00f3xido, empezando por la planificaci\u00f3n y las consideraciones para este tipo de modelismo. Cada paso en el proceso de pintura de veh\u00edculos oxidados, realistas y visualmente interesantes, est\u00e1 claramente explicado e ilustrado en m\u00e1s de 170 p\u00e1ginas y centenares de fotograf\u00edas. Se mostrar\u00e1 c\u00f3mo recrear con exactitud formas de \u00d3xido en una amplia variedad de patrones y colores.<\/p>\n<p>Primero exploraremos qu\u00e9 herramientas y materiales necesitamos para poder realizar modelos oxidados, y continuaremos definiendo las t\u00e9cnicas b\u00e1sicas que utilizar. Cada una de estas t\u00e9cnicas puede utilizarse individualmente para detalles concretos, como en tubos de escape y orugas, o complementada con un amplio rango de efectos para crear el nivel de profundidad deseado para los aspectos \u00fanicos de cada trabajo.<\/p>\n<p>Esta Gu\u00eda de Modelismo de la Oxidaci\u00f3n y la Corrosi\u00f3n presenta tambi\u00e9n una galer\u00eda de modelos terminados utilizando cada una de las t\u00e9cnicas aprendidas a lo largo del libro. La selecci\u00f3n de tem\u00e1ticas y acabados nos inspirar\u00e1 con ejemplos de varios estados de oxidaci\u00f3n, incluyendo varios veh\u00edculos blindados, una locomotora de vapor, un submarino e incluso aviones.<br \/>\nEsta complete gu\u00eda se ha preparado para servir como una herramienta sencilla y esencial en la biblioteca del modelista, y tambi\u00e9n para server como una fuente de inspiraci\u00f3n para futuros proyectos. Este libro est\u00e1 destinado tanto a modelistas que se inician en la pintura de efectos de \u00f3xido como a aquellos que buscan ampliar sus habilidades. La Gu\u00eda de Modelismo de la Oxidaci\u00f3n y la Corrosi\u00f3n es apropiada para todos los amantes del \u00f3xido en modelos de todos los g\u00e9neros, escalas y niveles<\/p>\n<\/div>\n<\/div>\n<\/div>\n<div class=\"clearfix box0 blockproductscategory\">\n<div class=\"title\"><\/div>\n<\/div>\n","protected":false},"excerpt":{"rendered":"<p id=\"product_reference\"><label for=\"product_reference\">Reference:\u00a0<\/label><span class=\"editable\">AMIG6099<\/span><\/p>\n<div id=\"short_description_block\">\n<div id=\"short_description_content\" class=\"rte align_justify\">\n<p><em>Tapa blanda.\u00a0m\u00e1s de 170 p\u00e1ginas y centenares de fotograf\u00edas.<\/em><\/p>\n<p><em>ATENCI\u00d3N. Este ejemplar es s\u00f3lamente en Castellano<\/em><\/p>\n<\/div>\n<\/div>\n<form id=\"buy_block\" class=\"AVAST_PAM_nonloginform\" action=\"https:\/\/www.migjimenez.com\/en\/carro-de-la-compra\" method=\"post\">\n<div class=\"product_attributes\">\n<div id=\"attributes\"><\/div>\n<\/div>\n<div class=\"content_prices clearfix\"><\/div>\n<\/form>\n","protected":false},"featured_media":1649,"template":"","meta":[],"product_brand":[],"product_cat":[84],"product_tag":[],"class_list":{"0":"post-1648","1":"product","2":"type-product","3":"status-publish","4":"has-post-thumbnail","6":"product_cat-books","8":"first","9":"instock","10":"shipping-taxable","11":"purchasable","12":"product-type-simple"},"yoast_head":"<!-- This site is optimized with the Yoast SEO plugin v27.2 - https:\/\/yoast.com\/product\/yoast-seo-wordpress\/ -->\n<title>GU\u00cdA PARA LA CORROSI\u00d3N Y LA OXIDACI\u00d3N - 6099 - Modeler Max Pro<\/title>\n<meta name=\"robots\" content=\"index, follow, max-snippet:-1, max-image-preview:large, max-video-preview:-1\" \/>\n<link rel=\"canonical\" href=\"https:\/\/modelermaxpro.com\/index.php\/product\/guia-para-la-corrosion-y-la-oxidacion-6099\/\" \/>\n<meta property=\"og:locale\" content=\"es_ES\" \/>\n<meta property=\"og:type\" content=\"article\" \/>\n<meta property=\"og:title\" content=\"GU\u00cdA PARA LA CORROSI\u00d3N Y LA OXIDACI\u00d3N - 6099 - Modeler Max Pro\" \/>\n<meta property=\"og:description\" content=\"Reference:\u00a0AMIG6099     Tapa blanda.\u00a0m\u00e1s de 170 p\u00e1ginas y centenares de fotograf\u00edas.  ATENCI\u00d3N. Este ejemplar es s\u00f3lamente en Castellano\" \/>\n<meta property=\"og:url\" content=\"https:\/\/modelermaxpro.com\/index.php\/product\/guia-para-la-corrosion-y-la-oxidacion-6099\/\" \/>\n<meta property=\"og:site_name\" content=\"Modeler Max Pro\" \/>\n<meta property=\"article:modified_time\" content=\"2022-08-13T14:21:54+00:00\" \/>\n<meta property=\"og:image\" content=\"https:\/\/modelermaxpro.com\/wp-content\/uploads\/2018\/11\/A.MIG-6099.jpg\" \/>\n\t<meta property=\"og:image:width\" content=\"800\" \/>\n\t<meta property=\"og:image:height\" content=\"800\" \/>\n\t<meta property=\"og:image:type\" content=\"image\/jpeg\" \/>\n<meta name=\"twitter:card\" content=\"summary_large_image\" \/>\n<meta name=\"twitter:label1\" content=\"Tiempo de lectura\" \/>\n\t<meta name=\"twitter:data1\" content=\"2 minutos\" \/>\n<script type=\"application\/ld+json\" class=\"yoast-schema-graph\">{\"@context\":\"https:\/\/schema.org\",\"@graph\":[{\"@type\":\"WebPage\",\"@id\":\"https:\/\/modelermaxpro.com\/index.php\/product\/guia-para-la-corrosion-y-la-oxidacion-6099\/\",\"url\":\"https:\/\/modelermaxpro.com\/index.php\/product\/guia-para-la-corrosion-y-la-oxidacion-6099\/\",\"name\":\"GU\u00cdA PARA LA CORROSI\u00d3N Y LA OXIDACI\u00d3N - 6099 - Modeler Max Pro\",\"isPartOf\":{\"@id\":\"https:\/\/modelermaxpro.com\/#website\"},\"primaryImageOfPage\":{\"@id\":\"https:\/\/modelermaxpro.com\/index.php\/product\/guia-para-la-corrosion-y-la-oxidacion-6099\/#primaryimage\"},\"image\":{\"@id\":\"https:\/\/modelermaxpro.com\/index.php\/product\/guia-para-la-corrosion-y-la-oxidacion-6099\/#primaryimage\"},\"thumbnailUrl\":\"https:\/\/modelermaxpro.com\/wp-content\/uploads\/2018\/11\/A.MIG-6099.jpg\",\"datePublished\":\"2019-04-06T11:56:27+00:00\",\"dateModified\":\"2022-08-13T14:21:54+00:00\",\"breadcrumb\":{\"@id\":\"https:\/\/modelermaxpro.com\/index.php\/product\/guia-para-la-corrosion-y-la-oxidacion-6099\/#breadcrumb\"},\"inLanguage\":\"es-AR\",\"potentialAction\":[{\"@type\":\"ReadAction\",\"target\":[\"https:\/\/modelermaxpro.com\/index.php\/product\/guia-para-la-corrosion-y-la-oxidacion-6099\/\"]}]},{\"@type\":\"ImageObject\",\"inLanguage\":\"es-AR\",\"@id\":\"https:\/\/modelermaxpro.com\/index.php\/product\/guia-para-la-corrosion-y-la-oxidacion-6099\/#primaryimage\",\"url\":\"https:\/\/modelermaxpro.com\/wp-content\/uploads\/2018\/11\/A.MIG-6099.jpg\",\"contentUrl\":\"https:\/\/modelermaxpro.com\/wp-content\/uploads\/2018\/11\/A.MIG-6099.jpg\",\"width\":800,\"height\":800},{\"@type\":\"BreadcrumbList\",\"@id\":\"https:\/\/modelermaxpro.com\/index.php\/product\/guia-para-la-corrosion-y-la-oxidacion-6099\/#breadcrumb\",\"itemListElement\":[{\"@type\":\"ListItem\",\"position\":1,\"name\":\"Inicio\",\"item\":\"https:\/\/modelermaxpro.com\/\"},{\"@type\":\"ListItem\",\"position\":2,\"name\":\"Shop\",\"item\":\"https:\/\/modelermaxpro.com\/index.php\/shop\/\"},{\"@type\":\"ListItem\",\"position\":3,\"name\":\"GU\u00cdA PARA LA CORROSI\u00d3N Y LA OXIDACI\u00d3N &#8211; 6099\"}]},{\"@type\":\"WebSite\",\"@id\":\"https:\/\/modelermaxpro.com\/#website\",\"url\":\"https:\/\/modelermaxpro.com\/\",\"name\":\"Modeler Max Pro\",\"description\":\"\",\"publisher\":{\"@id\":\"https:\/\/modelermaxpro.com\/#organization\"},\"potentialAction\":[{\"@type\":\"SearchAction\",\"target\":{\"@type\":\"EntryPoint\",\"urlTemplate\":\"https:\/\/modelermaxpro.com\/?s={search_term_string}\"},\"query-input\":{\"@type\":\"PropertyValueSpecification\",\"valueRequired\":true,\"valueName\":\"search_term_string\"}}],\"inLanguage\":\"es-AR\"},{\"@type\":\"Organization\",\"@id\":\"https:\/\/modelermaxpro.com\/#organization\",\"name\":\"Modeler Max Pro\",\"url\":\"https:\/\/modelermaxpro.com\/\",\"logo\":{\"@type\":\"ImageObject\",\"inLanguage\":\"es-AR\",\"@id\":\"https:\/\/modelermaxpro.com\/#\/schema\/logo\/image\/\",\"url\":\"https:\/\/modelermaxpro.com\/wp-content\/uploads\/2019\/11\/logos_Modeler-web_Mesa-de-trabajo-1_Mesa-de-trabajo-1.png\",\"contentUrl\":\"https:\/\/modelermaxpro.com\/wp-content\/uploads\/2019\/11\/logos_Modeler-web_Mesa-de-trabajo-1_Mesa-de-trabajo-1.png\",\"width\":322,\"height\":72,\"caption\":\"Modeler Max Pro\"},\"image\":{\"@id\":\"https:\/\/modelermaxpro.com\/#\/schema\/logo\/image\/\"}}]}<\/script>\n<!-- \/ Yoast SEO plugin. -->","yoast_head_json":{"title":"GU\u00cdA PARA LA CORROSI\u00d3N Y LA OXIDACI\u00d3N - 6099 - Modeler Max Pro","robots":{"index":"index","follow":"follow","max-snippet":"max-snippet:-1","max-image-preview":"max-image-preview:large","max-video-preview":"max-video-preview:-1"},"canonical":"https:\/\/modelermaxpro.com\/index.php\/product\/guia-para-la-corrosion-y-la-oxidacion-6099\/","og_locale":"es_ES","og_type":"article","og_title":"GU\u00cdA PARA LA CORROSI\u00d3N Y LA OXIDACI\u00d3N - 6099 - Modeler Max Pro","og_description":"Reference:\u00a0AMIG6099     Tapa blanda.\u00a0m\u00e1s de 170 p\u00e1ginas y centenares de fotograf\u00edas.  ATENCI\u00d3N. Este ejemplar es s\u00f3lamente en Castellano","og_url":"https:\/\/modelermaxpro.com\/index.php\/product\/guia-para-la-corrosion-y-la-oxidacion-6099\/","og_site_name":"Modeler Max Pro","article_modified_time":"2022-08-13T14:21:54+00:00","og_image":[{"width":800,"height":800,"url":"https:\/\/modelermaxpro.com\/wp-content\/uploads\/2018\/11\/A.MIG-6099.jpg","type":"image\/jpeg"}],"twitter_card":"summary_large_image","twitter_misc":{"Tiempo de lectura":"2 minutos"},"schema":{"@context":"https:\/\/schema.org","@graph":[{"@type":"WebPage","@id":"https:\/\/modelermaxpro.com\/index.php\/product\/guia-para-la-corrosion-y-la-oxidacion-6099\/","url":"https:\/\/modelermaxpro.com\/index.php\/product\/guia-para-la-corrosion-y-la-oxidacion-6099\/","name":"GU\u00cdA PARA LA CORROSI\u00d3N Y LA OXIDACI\u00d3N - 6099 - Modeler Max Pro","isPartOf":{"@id":"https:\/\/modelermaxpro.com\/#website"},"primaryImageOfPage":{"@id":"https:\/\/modelermaxpro.com\/index.php\/product\/guia-para-la-corrosion-y-la-oxidacion-6099\/#primaryimage"},"image":{"@id":"https:\/\/modelermaxpro.com\/index.php\/product\/guia-para-la-corrosion-y-la-oxidacion-6099\/#primaryimage"},"thumbnailUrl":"https:\/\/modelermaxpro.com\/wp-content\/uploads\/2018\/11\/A.MIG-6099.jpg","datePublished":"2019-04-06T11:56:27+00:00","dateModified":"2022-08-13T14:21:54+00:00","breadcrumb":{"@id":"https:\/\/modelermaxpro.com\/index.php\/product\/guia-para-la-corrosion-y-la-oxidacion-6099\/#breadcrumb"},"inLanguage":"es-AR","potentialAction":[{"@type":"ReadAction","target":["https:\/\/modelermaxpro.com\/index.php\/product\/guia-para-la-corrosion-y-la-oxidacion-6099\/"]}]},{"@type":"ImageObject","inLanguage":"es-AR","@id":"https:\/\/modelermaxpro.com\/index.php\/product\/guia-para-la-corrosion-y-la-oxidacion-6099\/#primaryimage","url":"https:\/\/modelermaxpro.com\/wp-content\/uploads\/2018\/11\/A.MIG-6099.jpg","contentUrl":"https:\/\/modelermaxpro.com\/wp-content\/uploads\/2018\/11\/A.MIG-6099.jpg","width":800,"height":800},{"@type":"BreadcrumbList","@id":"https:\/\/modelermaxpro.com\/index.php\/product\/guia-para-la-corrosion-y-la-oxidacion-6099\/#breadcrumb","itemListElement":[{"@type":"ListItem","position":1,"name":"Inicio","item":"https:\/\/modelermaxpro.com\/"},{"@type":"ListItem","position":2,"name":"Shop","item":"https:\/\/modelermaxpro.com\/index.php\/shop\/"},{"@type":"ListItem","position":3,"name":"GU\u00cdA PARA LA CORROSI\u00d3N Y LA OXIDACI\u00d3N &#8211; 6099"}]},{"@type":"WebSite","@id":"https:\/\/modelermaxpro.com\/#website","url":"https:\/\/modelermaxpro.com\/","name":"Modeler Max Pro","description":"","publisher":{"@id":"https:\/\/modelermaxpro.com\/#organization"},"potentialAction":[{"@type":"SearchAction","target":{"@type":"EntryPoint","urlTemplate":"https:\/\/modelermaxpro.com\/?s={search_term_string}"},"query-input":{"@type":"PropertyValueSpecification","valueRequired":true,"valueName":"search_term_string"}}],"inLanguage":"es-AR"},{"@type":"Organization","@id":"https:\/\/modelermaxpro.com\/#organization","name":"Modeler Max Pro","url":"https:\/\/modelermaxpro.com\/","logo":{"@type":"ImageObject","inLanguage":"es-AR","@id":"https:\/\/modelermaxpro.com\/#\/schema\/logo\/image\/","url":"https:\/\/modelermaxpro.com\/wp-content\/uploads\/2019\/11\/logos_Modeler-web_Mesa-de-trabajo-1_Mesa-de-trabajo-1.png","contentUrl":"https:\/\/modelermaxpro.com\/wp-content\/uploads\/2019\/11\/logos_Modeler-web_Mesa-de-trabajo-1_Mesa-de-trabajo-1.png","width":322,"height":72,"caption":"Modeler Max Pro"},"image":{"@id":"https:\/\/modelermaxpro.com\/#\/schema\/logo\/image\/"}}]}},"_links":{"self":[{"href":"https:\/\/modelermaxpro.com\/index.php\/wp-json\/wp\/v2\/product\/1648","targetHints":{"allow":["GET"]}}],"collection":[{"href":"https:\/\/modelermaxpro.com\/index.php\/wp-json\/wp\/v2\/product"}],"about":[{"href":"https:\/\/modelermaxpro.com\/index.php\/wp-json\/wp\/v2\/types\/product"}],"wp:featuredmedia":[{"embeddable":true,"href":"https:\/\/modelermaxpro.com\/index.php\/wp-json\/wp\/v2\/media\/1649"}],"wp:attachment":[{"href":"https:\/\/modelermaxpro.com\/index.php\/wp-json\/wp\/v2\/media?parent=1648"}],"wp:term":[{"taxonomy":"product_brand","embeddable":true,"href":"https:\/\/modelermaxpro.com\/index.php\/wp-json\/wp\/v2\/product_brand?post=1648"},{"taxonomy":"product_cat","embeddable":true,"href":"https:\/\/modelermaxpro.com\/index.php\/wp-json\/wp\/v2\/product_cat?post=1648"},{"taxonomy":"product_tag","embeddable":true,"href":"https:\/\/modelermaxpro.com\/index.php\/wp-json\/wp\/v2\/product_tag?post=1648"}],"curies":[{"name":"wp","href":"https:\/\/api.w.org\/{rel}","templated":true}]}}