{"id":3890,"date":"2019-11-19T09:29:57","date_gmt":"2019-11-19T12:29:57","guid":{"rendered":"https:\/\/modelermaxpro.com\/?post_type=product&#038;p=3890"},"modified":"2026-03-23T12:40:06","modified_gmt":"2026-03-23T15:40:06","slug":"dry-winter-invierno-seco","status":"publish","type":"product","link":"https:\/\/modelermaxpro.com\/index.php\/product\/dry-winter-invierno-seco\/","title":{"rendered":"DRY WINTER &#8211; INVIERNO SECO"},"content":{"rendered":"<p>En las <strong>DECCO GRASS<\/strong> encontraras para tus bases, vi\u00f1etas y dioramas una selecci\u00f3n muy variada de texturas, alturas, color de c\u00e9sped y follaje que tanto buscas.<\/p>\n<p>Si..!!! Ahora tienes toda esa variedad en una alfombra de 110mm por 170mm ahorr\u00e1ndote tiempo y dinero ..!!!<\/p>\n<p>Matojos, flores y arbustos de diferentes colores y altura, agrupados sobre c\u00e9sped, adheridos sobre un soporte transparente f\u00e1cilmente recortable y casi invisible que permite traslucir el terreno.<\/p>\n<p>Utilizando solamente una peque\u00f1a \u00e1rea de <strong>DECCO GRASS<\/strong> ser\u00e1 suficiente para realzar tu escena.<\/p>\n<p>Elige la <strong>DECCO GRASS<\/strong> seg\u00fan la estaci\u00f3n del a\u00f1o que quieras representar.<\/p>\n<p>Puedes combinarla perfectamente con diferentes <strong>FLOWERING TUFTS<\/strong> para a\u00f1adir m\u00e1s color y lograr tu mejor escena..!!!<\/p>\n","protected":false},"excerpt":{"rendered":"<p><strong>Referencia:<br \/>\n<\/strong>MMP: DG03<\/p>\n","protected":false},"featured_media":3891,"template":"","meta":[],"product_brand":[],"product_cat":[100,97],"product_tag":[],"class_list":{"0":"post-3890","1":"product","2":"type-product","3":"status-publish","4":"has-post-thumbnail","6":"product_cat-deco-grasses","7":"product_cat-vegetacion","9":"first","10":"instock","11":"shipping-taxable","12":"purchasable","13":"product-type-simple"},"yoast_head":"<!-- This site is optimized with the Yoast SEO plugin v27.4 - https:\/\/yoast.com\/product\/yoast-seo-wordpress\/ -->\n<title>DRY WINTER - INVIERNO SECO - Modeler Max Pro<\/title>\n<meta name=\"robots\" content=\"index, follow, max-snippet:-1, max-image-preview:large, max-video-preview:-1\" \/>\n<link rel=\"canonical\" href=\"https:\/\/modelermaxpro.com\/index.php\/product\/dry-winter-invierno-seco\/\" \/>\n<meta property=\"og:locale\" content=\"es_ES\" \/>\n<meta property=\"og:type\" content=\"article\" \/>\n<meta property=\"og:title\" content=\"DRY WINTER - INVIERNO SECO - Modeler Max Pro\" \/>\n<meta property=\"og:description\" content=\"Referencia: MMP: DG03\" \/>\n<meta property=\"og:url\" content=\"https:\/\/modelermaxpro.com\/index.php\/product\/dry-winter-invierno-seco\/\" \/>\n<meta property=\"og:site_name\" content=\"Modeler Max Pro\" \/>\n<meta property=\"article:modified_time\" content=\"2026-03-23T15:40:06+00:00\" \/>\n<meta property=\"og:image\" content=\"https:\/\/modelermaxpro.com\/wp-content\/uploads\/2019\/11\/invierno-seco-P.jpg\" \/>\n\t<meta property=\"og:image:width\" content=\"800\" \/>\n\t<meta property=\"og:image:height\" content=\"800\" \/>\n\t<meta property=\"og:image:type\" content=\"image\/jpeg\" \/>\n<meta name=\"twitter:card\" content=\"summary_large_image\" \/>\n<meta name=\"twitter:label1\" content=\"Tiempo de lectura\" \/>\n\t<meta name=\"twitter:data1\" content=\"1 minuto\" \/>\n<script type=\"application\/ld+json\" class=\"yoast-schema-graph\">{\"@context\":\"https:\\\/\\\/schema.org\",\"@graph\":[{\"@type\":\"WebPage\",\"@id\":\"https:\\\/\\\/modelermaxpro.com\\\/index.php\\\/product\\\/dry-winter-invierno-seco\\\/\",\"url\":\"https:\\\/\\\/modelermaxpro.com\\\/index.php\\\/product\\\/dry-winter-invierno-seco\\\/\",\"name\":\"DRY WINTER - INVIERNO SECO - Modeler Max Pro\",\"isPartOf\":{\"@id\":\"https:\\\/\\\/modelermaxpro.com\\\/#website\"},\"primaryImageOfPage\":{\"@id\":\"https:\\\/\\\/modelermaxpro.com\\\/index.php\\\/product\\\/dry-winter-invierno-seco\\\/#primaryimage\"},\"image\":{\"@id\":\"https:\\\/\\\/modelermaxpro.com\\\/index.php\\\/product\\\/dry-winter-invierno-seco\\\/#primaryimage\"},\"thumbnailUrl\":\"https:\\\/\\\/modelermaxpro.com\\\/wp-content\\\/uploads\\\/2019\\\/11\\\/invierno-seco-P.jpg\",\"datePublished\":\"2019-11-19T12:29:57+00:00\",\"dateModified\":\"2026-03-23T15:40:06+00:00\",\"breadcrumb\":{\"@id\":\"https:\\\/\\\/modelermaxpro.com\\\/index.php\\\/product\\\/dry-winter-invierno-seco\\\/#breadcrumb\"},\"inLanguage\":\"es-AR\",\"potentialAction\":[{\"@type\":\"ReadAction\",\"target\":[\"https:\\\/\\\/modelermaxpro.com\\\/index.php\\\/product\\\/dry-winter-invierno-seco\\\/\"]}]},{\"@type\":\"ImageObject\",\"inLanguage\":\"es-AR\",\"@id\":\"https:\\\/\\\/modelermaxpro.com\\\/index.php\\\/product\\\/dry-winter-invierno-seco\\\/#primaryimage\",\"url\":\"https:\\\/\\\/modelermaxpro.com\\\/wp-content\\\/uploads\\\/2019\\\/11\\\/invierno-seco-P.jpg\",\"contentUrl\":\"https:\\\/\\\/modelermaxpro.com\\\/wp-content\\\/uploads\\\/2019\\\/11\\\/invierno-seco-P.jpg\",\"width\":800,\"height\":800},{\"@type\":\"BreadcrumbList\",\"@id\":\"https:\\\/\\\/modelermaxpro.com\\\/index.php\\\/product\\\/dry-winter-invierno-seco\\\/#breadcrumb\",\"itemListElement\":[{\"@type\":\"ListItem\",\"position\":1,\"name\":\"Inicio\",\"item\":\"https:\\\/\\\/modelermaxpro.com\\\/\"},{\"@type\":\"ListItem\",\"position\":2,\"name\":\"Shop\",\"item\":\"https:\\\/\\\/modelermaxpro.com\\\/index.php\\\/shop\\\/\"},{\"@type\":\"ListItem\",\"position\":3,\"name\":\"DRY WINTER &#8211; INVIERNO SECO\"}]},{\"@type\":\"WebSite\",\"@id\":\"https:\\\/\\\/modelermaxpro.com\\\/#website\",\"url\":\"https:\\\/\\\/modelermaxpro.com\\\/\",\"name\":\"Modeler Max Pro\",\"description\":\"\",\"publisher\":{\"@id\":\"https:\\\/\\\/modelermaxpro.com\\\/#organization\"},\"potentialAction\":[{\"@type\":\"SearchAction\",\"target\":{\"@type\":\"EntryPoint\",\"urlTemplate\":\"https:\\\/\\\/modelermaxpro.com\\\/?s={search_term_string}\"},\"query-input\":{\"@type\":\"PropertyValueSpecification\",\"valueRequired\":true,\"valueName\":\"search_term_string\"}}],\"inLanguage\":\"es-AR\"},{\"@type\":\"Organization\",\"@id\":\"https:\\\/\\\/modelermaxpro.com\\\/#organization\",\"name\":\"Modeler Max Pro\",\"url\":\"https:\\\/\\\/modelermaxpro.com\\\/\",\"logo\":{\"@type\":\"ImageObject\",\"inLanguage\":\"es-AR\",\"@id\":\"https:\\\/\\\/modelermaxpro.com\\\/#\\\/schema\\\/logo\\\/image\\\/\",\"url\":\"https:\\\/\\\/modelermaxpro.com\\\/wp-content\\\/uploads\\\/2019\\\/11\\\/logos_Modeler-web_Mesa-de-trabajo-1_Mesa-de-trabajo-1.png\",\"contentUrl\":\"https:\\\/\\\/modelermaxpro.com\\\/wp-content\\\/uploads\\\/2019\\\/11\\\/logos_Modeler-web_Mesa-de-trabajo-1_Mesa-de-trabajo-1.png\",\"width\":322,\"height\":72,\"caption\":\"Modeler Max Pro\"},\"image\":{\"@id\":\"https:\\\/\\\/modelermaxpro.com\\\/#\\\/schema\\\/logo\\\/image\\\/\"}}]}<\/script>\n<!-- \/ Yoast SEO plugin. -->","yoast_head_json":{"title":"DRY WINTER - INVIERNO SECO - Modeler Max Pro","robots":{"index":"index","follow":"follow","max-snippet":"max-snippet:-1","max-image-preview":"max-image-preview:large","max-video-preview":"max-video-preview:-1"},"canonical":"https:\/\/modelermaxpro.com\/index.php\/product\/dry-winter-invierno-seco\/","og_locale":"es_ES","og_type":"article","og_title":"DRY WINTER - INVIERNO SECO - Modeler Max Pro","og_description":"Referencia: MMP: DG03","og_url":"https:\/\/modelermaxpro.com\/index.php\/product\/dry-winter-invierno-seco\/","og_site_name":"Modeler Max Pro","article_modified_time":"2026-03-23T15:40:06+00:00","og_image":[{"width":800,"height":800,"url":"https:\/\/modelermaxpro.com\/wp-content\/uploads\/2019\/11\/invierno-seco-P.jpg","type":"image\/jpeg"}],"twitter_card":"summary_large_image","twitter_misc":{"Tiempo de lectura":"1 minuto"},"schema":{"@context":"https:\/\/schema.org","@graph":[{"@type":"WebPage","@id":"https:\/\/modelermaxpro.com\/index.php\/product\/dry-winter-invierno-seco\/","url":"https:\/\/modelermaxpro.com\/index.php\/product\/dry-winter-invierno-seco\/","name":"DRY WINTER - INVIERNO SECO - Modeler Max Pro","isPartOf":{"@id":"https:\/\/modelermaxpro.com\/#website"},"primaryImageOfPage":{"@id":"https:\/\/modelermaxpro.com\/index.php\/product\/dry-winter-invierno-seco\/#primaryimage"},"image":{"@id":"https:\/\/modelermaxpro.com\/index.php\/product\/dry-winter-invierno-seco\/#primaryimage"},"thumbnailUrl":"https:\/\/modelermaxpro.com\/wp-content\/uploads\/2019\/11\/invierno-seco-P.jpg","datePublished":"2019-11-19T12:29:57+00:00","dateModified":"2026-03-23T15:40:06+00:00","breadcrumb":{"@id":"https:\/\/modelermaxpro.com\/index.php\/product\/dry-winter-invierno-seco\/#breadcrumb"},"inLanguage":"es-AR","potentialAction":[{"@type":"ReadAction","target":["https:\/\/modelermaxpro.com\/index.php\/product\/dry-winter-invierno-seco\/"]}]},{"@type":"ImageObject","inLanguage":"es-AR","@id":"https:\/\/modelermaxpro.com\/index.php\/product\/dry-winter-invierno-seco\/#primaryimage","url":"https:\/\/modelermaxpro.com\/wp-content\/uploads\/2019\/11\/invierno-seco-P.jpg","contentUrl":"https:\/\/modelermaxpro.com\/wp-content\/uploads\/2019\/11\/invierno-seco-P.jpg","width":800,"height":800},{"@type":"BreadcrumbList","@id":"https:\/\/modelermaxpro.com\/index.php\/product\/dry-winter-invierno-seco\/#breadcrumb","itemListElement":[{"@type":"ListItem","position":1,"name":"Inicio","item":"https:\/\/modelermaxpro.com\/"},{"@type":"ListItem","position":2,"name":"Shop","item":"https:\/\/modelermaxpro.com\/index.php\/shop\/"},{"@type":"ListItem","position":3,"name":"DRY WINTER &#8211; INVIERNO SECO"}]},{"@type":"WebSite","@id":"https:\/\/modelermaxpro.com\/#website","url":"https:\/\/modelermaxpro.com\/","name":"Modeler Max Pro","description":"","publisher":{"@id":"https:\/\/modelermaxpro.com\/#organization"},"potentialAction":[{"@type":"SearchAction","target":{"@type":"EntryPoint","urlTemplate":"https:\/\/modelermaxpro.com\/?s={search_term_string}"},"query-input":{"@type":"PropertyValueSpecification","valueRequired":true,"valueName":"search_term_string"}}],"inLanguage":"es-AR"},{"@type":"Organization","@id":"https:\/\/modelermaxpro.com\/#organization","name":"Modeler Max Pro","url":"https:\/\/modelermaxpro.com\/","logo":{"@type":"ImageObject","inLanguage":"es-AR","@id":"https:\/\/modelermaxpro.com\/#\/schema\/logo\/image\/","url":"https:\/\/modelermaxpro.com\/wp-content\/uploads\/2019\/11\/logos_Modeler-web_Mesa-de-trabajo-1_Mesa-de-trabajo-1.png","contentUrl":"https:\/\/modelermaxpro.com\/wp-content\/uploads\/2019\/11\/logos_Modeler-web_Mesa-de-trabajo-1_Mesa-de-trabajo-1.png","width":322,"height":72,"caption":"Modeler Max Pro"},"image":{"@id":"https:\/\/modelermaxpro.com\/#\/schema\/logo\/image\/"}}]}},"_links":{"self":[{"href":"https:\/\/modelermaxpro.com\/index.php\/wp-json\/wp\/v2\/product\/3890","targetHints":{"allow":["GET"]}}],"collection":[{"href":"https:\/\/modelermaxpro.com\/index.php\/wp-json\/wp\/v2\/product"}],"about":[{"href":"https:\/\/modelermaxpro.com\/index.php\/wp-json\/wp\/v2\/types\/product"}],"wp:featuredmedia":[{"embeddable":true,"href":"https:\/\/modelermaxpro.com\/index.php\/wp-json\/wp\/v2\/media\/3891"}],"wp:attachment":[{"href":"https:\/\/modelermaxpro.com\/index.php\/wp-json\/wp\/v2\/media?parent=3890"}],"wp:term":[{"taxonomy":"product_brand","embeddable":true,"href":"https:\/\/modelermaxpro.com\/index.php\/wp-json\/wp\/v2\/product_brand?post=3890"},{"taxonomy":"product_cat","embeddable":true,"href":"https:\/\/modelermaxpro.com\/index.php\/wp-json\/wp\/v2\/product_cat?post=3890"},{"taxonomy":"product_tag","embeddable":true,"href":"https:\/\/modelermaxpro.com\/index.php\/wp-json\/wp\/v2\/product_tag?post=3890"}],"curies":[{"name":"wp","href":"https:\/\/api.w.org\/{rel}","templated":true}]}}

<p>En las <strong>DECCO GRASS</strong> encontraras para tus bases, viñetas y dioramas una selección muy variada de texturas, alturas, color de césped y follaje que tanto buscas.</p>
<p>Si..!!! Ahora tienes toda esa variedad en una alfombra de 110mm por 170mm ahorrándote tiempo y dinero ..!!!</p>
<p>Matojos, flores y arbustos de diferentes colores y altura, agrupados sobre césped, adheridos sobre un soporte transparente fácilmente recortable y casi invisible que permite traslucir el terreno.</p>
<p>Utilizando solamente una pequeña área de <strong>DECCO GRASS</strong> será suficiente para realzar tu escena.</p>
<p>Elige la <strong>DECCO GRASS</strong> según la estación del año que quieras representar.</p>
<p>Puedes combinarla perfectamente con diferentes <strong>FLOWERING TUFTS</strong> para añadir más color y lograr tu mejor escena..!!!</p>
