{"id":8459,"date":"2022-12-20T00:55:58","date_gmt":"2022-12-20T03:55:58","guid":{"rendered":"https:\/\/modelermaxpro.com\/?post_type=product&#038;p=8459"},"modified":"2023-01-24T14:24:50","modified_gmt":"2023-01-24T17:24:50","slug":"rfsqs-48047-1-48-ia-58-pucara-for-kinetic-kit","status":"publish","type":"product","link":"https:\/\/modelermaxpro.com\/index.php\/product\/rfsqs-48047-1-48-ia-58-pucara-for-kinetic-kit\/","title":{"rendered":"RFSQS-48047 1\/48 IA 58 Pucar\u00e1 (for Kinetic KIT)"},"content":{"rendered":"<p>Red Fox Studio fabrica paneles de instrumentos y detalles acr\u00edlicos en 3D para cabinas de aviones a varias escalas, con un amplio cat\u00e1logo de referencias para los aviones y las maquetas m\u00e1s populares. Estos detalles mejoran sustancialmente las cabinas de la maqueta de forma sencilla, y al venir ya pintados no se pierde el m\u00e1s m\u00ednimo detalle. Colocar estas piezas resulta muy f\u00e1cil: basta con separar la pieza del soporte y pegarla en su lugar usando Ultra Glue A.MIG-2031. Tambi\u00e9n puedes aplicar lavados a las piezas con esmaltes o pinturas acr\u00edlicas de AMMO, y barnizar con barnices de base acr\u00edlica. Adem\u00e1s de lograr que los detalles de la cabina est\u00e9n perfectamente a escala, cada pieza presenta un acabado hiperrealista en los instrumentos, indicadores y pantallas, imitando el reflejo del vidrio. Estas piezas de superdetallado tambi\u00e9n incluyen los colores exactos para todos y cada uno de los botones, controles y letreros que se pueden ver en los paneles de instrumentos de los aviones reales, proporcionando una r\u00e9plica exacta de las \u00e1reas m\u00e1s complejas de tus aeronaves favoritas. Estos accesorios te ahorrar\u00e1n una cantidad considerable de tiempo y varios pasos de pintura a la hora de detallar los interiores de tus maquetas, proporcion\u00e1ndote un acabado mucho m\u00e1s realista que lo que es posible lograr pintando a mano.<\/p>\n","protected":false},"excerpt":{"rendered":"<p>Red Fox Studio fabrica paneles de instrumentos y detalles acr\u00edlicos en 3D para cabinas de aviones a varias escalas, con un amplio cat\u00e1logo de referencias para los aviones y las maquetas m\u00e1s populares. Estos detalles mejoran sustancialmente las cabinas de la maqueta de forma sencilla, y al venir ya pintados no se pierde el m\u00e1s [&hellip;]<\/p>\n","protected":false},"featured_media":8460,"template":"","meta":[],"product_brand":[],"product_cat":[153],"product_tag":[],"class_list":{"0":"post-8459","1":"product","2":"type-product","3":"status-publish","4":"has-post-thumbnail","6":"product_cat-red-fox","8":"first","9":"outofstock","10":"shipping-taxable","11":"purchasable","12":"product-type-simple"},"yoast_head":"<!-- This site is optimized with the Yoast SEO plugin v27.4 - https:\/\/yoast.com\/product\/yoast-seo-wordpress\/ -->\n<title>RFSQS-48047 1\/48 IA 58 Pucar\u00e1 (for Kinetic KIT) - Modeler Max Pro<\/title>\n<meta name=\"robots\" content=\"index, follow, max-snippet:-1, max-image-preview:large, max-video-preview:-1\" \/>\n<link rel=\"canonical\" href=\"https:\/\/modelermaxpro.com\/index.php\/product\/rfsqs-48047-1-48-ia-58-pucara-for-kinetic-kit\/\" \/>\n<meta property=\"og:locale\" content=\"es_ES\" \/>\n<meta property=\"og:type\" content=\"article\" \/>\n<meta property=\"og:title\" content=\"RFSQS-48047 1\/48 IA 58 Pucar\u00e1 (for Kinetic KIT) - Modeler Max Pro\" \/>\n<meta property=\"og:description\" content=\"Red Fox Studio fabrica paneles de instrumentos y detalles acr\u00edlicos en 3D para cabinas de aviones a varias escalas, con un amplio cat\u00e1logo de referencias para los aviones y las maquetas m\u00e1s populares. Estos detalles mejoran sustancialmente las cabinas de la maqueta de forma sencilla, y al venir ya pintados no se pierde el m\u00e1s [&hellip;]\" \/>\n<meta property=\"og:url\" content=\"https:\/\/modelermaxpro.com\/index.php\/product\/rfsqs-48047-1-48-ia-58-pucara-for-kinetic-kit\/\" \/>\n<meta property=\"og:site_name\" content=\"Modeler Max Pro\" \/>\n<meta property=\"article:modified_time\" content=\"2023-01-24T17:24:50+00:00\" \/>\n<meta property=\"og:image\" content=\"https:\/\/modelermaxpro.com\/wp-content\/uploads\/2022\/12\/148-ia-58-pucara-for-kinetic-kit-2.jpg\" \/>\n\t<meta property=\"og:image:width\" content=\"800\" \/>\n\t<meta property=\"og:image:height\" content=\"800\" \/>\n\t<meta property=\"og:image:type\" content=\"image\/jpeg\" \/>\n<meta name=\"twitter:card\" content=\"summary_large_image\" \/>\n<meta name=\"twitter:label1\" content=\"Tiempo de lectura\" \/>\n\t<meta name=\"twitter:data1\" content=\"1 minuto\" \/>\n<script type=\"application\/ld+json\" class=\"yoast-schema-graph\">{\"@context\":\"https:\\\/\\\/schema.org\",\"@graph\":[{\"@type\":\"WebPage\",\"@id\":\"https:\\\/\\\/modelermaxpro.com\\\/index.php\\\/product\\\/rfsqs-48047-1-48-ia-58-pucara-for-kinetic-kit\\\/\",\"url\":\"https:\\\/\\\/modelermaxpro.com\\\/index.php\\\/product\\\/rfsqs-48047-1-48-ia-58-pucara-for-kinetic-kit\\\/\",\"name\":\"RFSQS-48047 1\\\/48 IA 58 Pucar\u00e1 (for Kinetic KIT) - Modeler Max Pro\",\"isPartOf\":{\"@id\":\"https:\\\/\\\/modelermaxpro.com\\\/#website\"},\"primaryImageOfPage\":{\"@id\":\"https:\\\/\\\/modelermaxpro.com\\\/index.php\\\/product\\\/rfsqs-48047-1-48-ia-58-pucara-for-kinetic-kit\\\/#primaryimage\"},\"image\":{\"@id\":\"https:\\\/\\\/modelermaxpro.com\\\/index.php\\\/product\\\/rfsqs-48047-1-48-ia-58-pucara-for-kinetic-kit\\\/#primaryimage\"},\"thumbnailUrl\":\"https:\\\/\\\/modelermaxpro.com\\\/wp-content\\\/uploads\\\/2022\\\/12\\\/148-ia-58-pucara-for-kinetic-kit-2.jpg\",\"datePublished\":\"2022-12-20T03:55:58+00:00\",\"dateModified\":\"2023-01-24T17:24:50+00:00\",\"breadcrumb\":{\"@id\":\"https:\\\/\\\/modelermaxpro.com\\\/index.php\\\/product\\\/rfsqs-48047-1-48-ia-58-pucara-for-kinetic-kit\\\/#breadcrumb\"},\"inLanguage\":\"es-AR\",\"potentialAction\":[{\"@type\":\"ReadAction\",\"target\":[\"https:\\\/\\\/modelermaxpro.com\\\/index.php\\\/product\\\/rfsqs-48047-1-48-ia-58-pucara-for-kinetic-kit\\\/\"]}]},{\"@type\":\"ImageObject\",\"inLanguage\":\"es-AR\",\"@id\":\"https:\\\/\\\/modelermaxpro.com\\\/index.php\\\/product\\\/rfsqs-48047-1-48-ia-58-pucara-for-kinetic-kit\\\/#primaryimage\",\"url\":\"https:\\\/\\\/modelermaxpro.com\\\/wp-content\\\/uploads\\\/2022\\\/12\\\/148-ia-58-pucara-for-kinetic-kit-2.jpg\",\"contentUrl\":\"https:\\\/\\\/modelermaxpro.com\\\/wp-content\\\/uploads\\\/2022\\\/12\\\/148-ia-58-pucara-for-kinetic-kit-2.jpg\",\"width\":800,\"height\":800},{\"@type\":\"BreadcrumbList\",\"@id\":\"https:\\\/\\\/modelermaxpro.com\\\/index.php\\\/product\\\/rfsqs-48047-1-48-ia-58-pucara-for-kinetic-kit\\\/#breadcrumb\",\"itemListElement\":[{\"@type\":\"ListItem\",\"position\":1,\"name\":\"Inicio\",\"item\":\"https:\\\/\\\/modelermaxpro.com\\\/\"},{\"@type\":\"ListItem\",\"position\":2,\"name\":\"Shop\",\"item\":\"https:\\\/\\\/modelermaxpro.com\\\/index.php\\\/shop\\\/\"},{\"@type\":\"ListItem\",\"position\":3,\"name\":\"RFSQS-48047 1\\\/48 IA 58 Pucar\u00e1 (for Kinetic KIT)\"}]},{\"@type\":\"WebSite\",\"@id\":\"https:\\\/\\\/modelermaxpro.com\\\/#website\",\"url\":\"https:\\\/\\\/modelermaxpro.com\\\/\",\"name\":\"Modeler Max Pro\",\"description\":\"\",\"publisher\":{\"@id\":\"https:\\\/\\\/modelermaxpro.com\\\/#organization\"},\"potentialAction\":[{\"@type\":\"SearchAction\",\"target\":{\"@type\":\"EntryPoint\",\"urlTemplate\":\"https:\\\/\\\/modelermaxpro.com\\\/?s={search_term_string}\"},\"query-input\":{\"@type\":\"PropertyValueSpecification\",\"valueRequired\":true,\"valueName\":\"search_term_string\"}}],\"inLanguage\":\"es-AR\"},{\"@type\":\"Organization\",\"@id\":\"https:\\\/\\\/modelermaxpro.com\\\/#organization\",\"name\":\"Modeler Max Pro\",\"url\":\"https:\\\/\\\/modelermaxpro.com\\\/\",\"logo\":{\"@type\":\"ImageObject\",\"inLanguage\":\"es-AR\",\"@id\":\"https:\\\/\\\/modelermaxpro.com\\\/#\\\/schema\\\/logo\\\/image\\\/\",\"url\":\"https:\\\/\\\/modelermaxpro.com\\\/wp-content\\\/uploads\\\/2019\\\/11\\\/logos_Modeler-web_Mesa-de-trabajo-1_Mesa-de-trabajo-1.png\",\"contentUrl\":\"https:\\\/\\\/modelermaxpro.com\\\/wp-content\\\/uploads\\\/2019\\\/11\\\/logos_Modeler-web_Mesa-de-trabajo-1_Mesa-de-trabajo-1.png\",\"width\":322,\"height\":72,\"caption\":\"Modeler Max Pro\"},\"image\":{\"@id\":\"https:\\\/\\\/modelermaxpro.com\\\/#\\\/schema\\\/logo\\\/image\\\/\"}}]}<\/script>\n<!-- \/ Yoast SEO plugin. -->","yoast_head_json":{"title":"RFSQS-48047 1\/48 IA 58 Pucar\u00e1 (for Kinetic KIT) - Modeler Max Pro","robots":{"index":"index","follow":"follow","max-snippet":"max-snippet:-1","max-image-preview":"max-image-preview:large","max-video-preview":"max-video-preview:-1"},"canonical":"https:\/\/modelermaxpro.com\/index.php\/product\/rfsqs-48047-1-48-ia-58-pucara-for-kinetic-kit\/","og_locale":"es_ES","og_type":"article","og_title":"RFSQS-48047 1\/48 IA 58 Pucar\u00e1 (for Kinetic KIT) - Modeler Max Pro","og_description":"Red Fox Studio fabrica paneles de instrumentos y detalles acr\u00edlicos en 3D para cabinas de aviones a varias escalas, con un amplio cat\u00e1logo de referencias para los aviones y las maquetas m\u00e1s populares. Estos detalles mejoran sustancialmente las cabinas de la maqueta de forma sencilla, y al venir ya pintados no se pierde el m\u00e1s [&hellip;]","og_url":"https:\/\/modelermaxpro.com\/index.php\/product\/rfsqs-48047-1-48-ia-58-pucara-for-kinetic-kit\/","og_site_name":"Modeler Max Pro","article_modified_time":"2023-01-24T17:24:50+00:00","og_image":[{"width":800,"height":800,"url":"https:\/\/modelermaxpro.com\/wp-content\/uploads\/2022\/12\/148-ia-58-pucara-for-kinetic-kit-2.jpg","type":"image\/jpeg"}],"twitter_card":"summary_large_image","twitter_misc":{"Tiempo de lectura":"1 minuto"},"schema":{"@context":"https:\/\/schema.org","@graph":[{"@type":"WebPage","@id":"https:\/\/modelermaxpro.com\/index.php\/product\/rfsqs-48047-1-48-ia-58-pucara-for-kinetic-kit\/","url":"https:\/\/modelermaxpro.com\/index.php\/product\/rfsqs-48047-1-48-ia-58-pucara-for-kinetic-kit\/","name":"RFSQS-48047 1\/48 IA 58 Pucar\u00e1 (for Kinetic KIT) - Modeler Max Pro","isPartOf":{"@id":"https:\/\/modelermaxpro.com\/#website"},"primaryImageOfPage":{"@id":"https:\/\/modelermaxpro.com\/index.php\/product\/rfsqs-48047-1-48-ia-58-pucara-for-kinetic-kit\/#primaryimage"},"image":{"@id":"https:\/\/modelermaxpro.com\/index.php\/product\/rfsqs-48047-1-48-ia-58-pucara-for-kinetic-kit\/#primaryimage"},"thumbnailUrl":"https:\/\/modelermaxpro.com\/wp-content\/uploads\/2022\/12\/148-ia-58-pucara-for-kinetic-kit-2.jpg","datePublished":"2022-12-20T03:55:58+00:00","dateModified":"2023-01-24T17:24:50+00:00","breadcrumb":{"@id":"https:\/\/modelermaxpro.com\/index.php\/product\/rfsqs-48047-1-48-ia-58-pucara-for-kinetic-kit\/#breadcrumb"},"inLanguage":"es-AR","potentialAction":[{"@type":"ReadAction","target":["https:\/\/modelermaxpro.com\/index.php\/product\/rfsqs-48047-1-48-ia-58-pucara-for-kinetic-kit\/"]}]},{"@type":"ImageObject","inLanguage":"es-AR","@id":"https:\/\/modelermaxpro.com\/index.php\/product\/rfsqs-48047-1-48-ia-58-pucara-for-kinetic-kit\/#primaryimage","url":"https:\/\/modelermaxpro.com\/wp-content\/uploads\/2022\/12\/148-ia-58-pucara-for-kinetic-kit-2.jpg","contentUrl":"https:\/\/modelermaxpro.com\/wp-content\/uploads\/2022\/12\/148-ia-58-pucara-for-kinetic-kit-2.jpg","width":800,"height":800},{"@type":"BreadcrumbList","@id":"https:\/\/modelermaxpro.com\/index.php\/product\/rfsqs-48047-1-48-ia-58-pucara-for-kinetic-kit\/#breadcrumb","itemListElement":[{"@type":"ListItem","position":1,"name":"Inicio","item":"https:\/\/modelermaxpro.com\/"},{"@type":"ListItem","position":2,"name":"Shop","item":"https:\/\/modelermaxpro.com\/index.php\/shop\/"},{"@type":"ListItem","position":3,"name":"RFSQS-48047 1\/48 IA 58 Pucar\u00e1 (for Kinetic KIT)"}]},{"@type":"WebSite","@id":"https:\/\/modelermaxpro.com\/#website","url":"https:\/\/modelermaxpro.com\/","name":"Modeler Max Pro","description":"","publisher":{"@id":"https:\/\/modelermaxpro.com\/#organization"},"potentialAction":[{"@type":"SearchAction","target":{"@type":"EntryPoint","urlTemplate":"https:\/\/modelermaxpro.com\/?s={search_term_string}"},"query-input":{"@type":"PropertyValueSpecification","valueRequired":true,"valueName":"search_term_string"}}],"inLanguage":"es-AR"},{"@type":"Organization","@id":"https:\/\/modelermaxpro.com\/#organization","name":"Modeler Max Pro","url":"https:\/\/modelermaxpro.com\/","logo":{"@type":"ImageObject","inLanguage":"es-AR","@id":"https:\/\/modelermaxpro.com\/#\/schema\/logo\/image\/","url":"https:\/\/modelermaxpro.com\/wp-content\/uploads\/2019\/11\/logos_Modeler-web_Mesa-de-trabajo-1_Mesa-de-trabajo-1.png","contentUrl":"https:\/\/modelermaxpro.com\/wp-content\/uploads\/2019\/11\/logos_Modeler-web_Mesa-de-trabajo-1_Mesa-de-trabajo-1.png","width":322,"height":72,"caption":"Modeler Max Pro"},"image":{"@id":"https:\/\/modelermaxpro.com\/#\/schema\/logo\/image\/"}}]}},"_links":{"self":[{"href":"https:\/\/modelermaxpro.com\/index.php\/wp-json\/wp\/v2\/product\/8459","targetHints":{"allow":["GET"]}}],"collection":[{"href":"https:\/\/modelermaxpro.com\/index.php\/wp-json\/wp\/v2\/product"}],"about":[{"href":"https:\/\/modelermaxpro.com\/index.php\/wp-json\/wp\/v2\/types\/product"}],"wp:featuredmedia":[{"embeddable":true,"href":"https:\/\/modelermaxpro.com\/index.php\/wp-json\/wp\/v2\/media\/8460"}],"wp:attachment":[{"href":"https:\/\/modelermaxpro.com\/index.php\/wp-json\/wp\/v2\/media?parent=8459"}],"wp:term":[{"taxonomy":"product_brand","embeddable":true,"href":"https:\/\/modelermaxpro.com\/index.php\/wp-json\/wp\/v2\/product_brand?post=8459"},{"taxonomy":"product_cat","embeddable":true,"href":"https:\/\/modelermaxpro.com\/index.php\/wp-json\/wp\/v2\/product_cat?post=8459"},{"taxonomy":"product_tag","embeddable":true,"href":"https:\/\/modelermaxpro.com\/index.php\/wp-json\/wp\/v2\/product_tag?post=8459"}],"curies":[{"name":"wp","href":"https:\/\/api.w.org\/{rel}","templated":true}]}}