{"id":9762,"date":"2025-03-21T09:28:58","date_gmt":"2025-03-21T12:28:58","guid":{"rendered":"https:\/\/modelermaxpro.com\/?post_type=product&#038;p=9762"},"modified":"2025-05-03T11:07:25","modified_gmt":"2025-05-03T14:07:25","slug":"a-mig-0701-lavado-acrilico-lavado-afrika-korps","status":"publish","type":"product","link":"https:\/\/modelermaxpro.com\/index.php\/product\/a-mig-0701-lavado-acrilico-lavado-afrika-korps\/","title":{"rendered":"A.MIG: 0701 LAVADO ACR\u00cdLICO Lavado Afrika Korps"},"content":{"rendered":"<p>Los lavados son una de las t\u00e9cnicas de modelismo m\u00e1s antiguas y esenciales, utilizadas por todos los modelistas en maquetas y dioramas de todo tipo y tem\u00e1tica.<\/p>\n<p>Los lavados de\u00a0<em><strong>AMMO by Mig Jimenez<\/strong><\/em>\u00a0est\u00e1n desarrollados con dos formulaciones diferentes, tipo esmalte y tipo acr\u00edlico, con cualidades distintas para adaptarse a las diferentes necesidades de nuestros modelos y a las preferencias de cada modelista. Ambas ofrecen excelentes resultados y son muy f\u00e1ciles de aplicar.<\/p>\n<p>La ventaja del lavado acr\u00edlico es que no tiene toxicidad ni olor por lo que utilizarlos en casa o cerca de tu familia no es un problema, y seca m\u00e1s r\u00e1pido que el lavado esmalte lo que permite terminar el proceso en menor tiempo.<\/p>\n<p>El lavado acr\u00edlico se presenta en un bote con tapa dosificadora que permite depositar unas gotas en una paleta o recipiente para su posterior utilizaci\u00f3n. Aunque la capacidad del bote es de 15mL el dosificador permite ahorrar producto y trabajar con m\u00e1s precisi\u00f3n. Estos nuevos lavados se presentan con una amplia gama de colores para que puedas tener todas las opciones para tus proyectos.\u00a0El producto se puede diluir y limpiar con agua o\u00a0<a href=\"https:\/\/www.migjimenez.com\/es\/buscar?controller=search&amp;orderby=position&amp;orderway=desc&amp;search_query=amig2000&amp;submit_search=Buscar\" target=\"_blank\" rel=\"noreferrer noopener\"><em><strong>A.MIG-2000 Diluyente Acr\u00edlico<\/strong><\/em><\/a>.<\/p>\n","protected":false},"excerpt":{"rendered":"<p>Los lavados son una de las t\u00e9cnicas de modelismo m\u00e1s antiguas y esenciales, utilizadas por todos los modelistas en maquetas y dioramas de todo tipo y tem\u00e1tica. Los lavados de\u00a0AMMO by Mig Jimenez\u00a0est\u00e1n desarrollados con dos formulaciones diferentes, tipo esmalte y tipo acr\u00edlico, con cualidades distintas para adaptarse a las diferentes necesidades de nuestros modelos [&hellip;]<\/p>\n","protected":false},"featured_media":9536,"template":"","meta":[],"product_brand":[],"product_cat":[161],"product_tag":[],"class_list":{"0":"post-9762","1":"product","2":"type-product","3":"status-publish","4":"has-post-thumbnail","6":"product_cat-lavados-acrilicos","8":"first","9":"instock","10":"shipping-taxable","11":"purchasable","12":"product-type-simple"},"yoast_head":"<!-- This site is optimized with the Yoast SEO plugin v27.4 - https:\/\/yoast.com\/product\/yoast-seo-wordpress\/ -->\n<title>A.MIG: 0701 LAVADO ACR\u00cdLICO Lavado Afrika Korps - Modeler Max Pro<\/title>\n<meta name=\"robots\" content=\"index, follow, max-snippet:-1, max-image-preview:large, max-video-preview:-1\" \/>\n<link rel=\"canonical\" href=\"https:\/\/modelermaxpro.com\/index.php\/product\/a-mig-0701-lavado-acrilico-lavado-afrika-korps\/\" \/>\n<meta property=\"og:locale\" content=\"es_ES\" \/>\n<meta property=\"og:type\" content=\"article\" \/>\n<meta property=\"og:title\" content=\"A.MIG: 0701 LAVADO ACR\u00cdLICO Lavado Afrika Korps - Modeler Max Pro\" \/>\n<meta property=\"og:description\" content=\"Los lavados son una de las t\u00e9cnicas de modelismo m\u00e1s antiguas y esenciales, utilizadas por todos los modelistas en maquetas y dioramas de todo tipo y tem\u00e1tica. Los lavados de\u00a0AMMO by Mig Jimenez\u00a0est\u00e1n desarrollados con dos formulaciones diferentes, tipo esmalte y tipo acr\u00edlico, con cualidades distintas para adaptarse a las diferentes necesidades de nuestros modelos [&hellip;]\" \/>\n<meta property=\"og:url\" content=\"https:\/\/modelermaxpro.com\/index.php\/product\/a-mig-0701-lavado-acrilico-lavado-afrika-korps\/\" \/>\n<meta property=\"og:site_name\" content=\"Modeler Max Pro\" \/>\n<meta property=\"article:modified_time\" content=\"2025-05-03T14:07:25+00:00\" \/>\n<meta property=\"og:image\" content=\"https:\/\/modelermaxpro.com\/wp-content\/uploads\/2025\/03\/A.MIG-0701.jpg\" \/>\n\t<meta property=\"og:image:width\" content=\"800\" \/>\n\t<meta property=\"og:image:height\" content=\"800\" \/>\n\t<meta property=\"og:image:type\" content=\"image\/jpeg\" \/>\n<meta name=\"twitter:card\" content=\"summary_large_image\" \/>\n<meta name=\"twitter:label1\" content=\"Tiempo de lectura\" \/>\n\t<meta name=\"twitter:data1\" content=\"2 minutos\" \/>\n<script type=\"application\/ld+json\" class=\"yoast-schema-graph\">{\"@context\":\"https:\\\/\\\/schema.org\",\"@graph\":[{\"@type\":\"WebPage\",\"@id\":\"https:\\\/\\\/modelermaxpro.com\\\/index.php\\\/product\\\/a-mig-0701-lavado-acrilico-lavado-afrika-korps\\\/\",\"url\":\"https:\\\/\\\/modelermaxpro.com\\\/index.php\\\/product\\\/a-mig-0701-lavado-acrilico-lavado-afrika-korps\\\/\",\"name\":\"A.MIG: 0701 LAVADO ACR\u00cdLICO Lavado Afrika Korps - Modeler Max Pro\",\"isPartOf\":{\"@id\":\"https:\\\/\\\/modelermaxpro.com\\\/#website\"},\"primaryImageOfPage\":{\"@id\":\"https:\\\/\\\/modelermaxpro.com\\\/index.php\\\/product\\\/a-mig-0701-lavado-acrilico-lavado-afrika-korps\\\/#primaryimage\"},\"image\":{\"@id\":\"https:\\\/\\\/modelermaxpro.com\\\/index.php\\\/product\\\/a-mig-0701-lavado-acrilico-lavado-afrika-korps\\\/#primaryimage\"},\"thumbnailUrl\":\"https:\\\/\\\/modelermaxpro.com\\\/wp-content\\\/uploads\\\/2025\\\/03\\\/A.MIG-0701.jpg\",\"datePublished\":\"2025-03-21T12:28:58+00:00\",\"dateModified\":\"2025-05-03T14:07:25+00:00\",\"breadcrumb\":{\"@id\":\"https:\\\/\\\/modelermaxpro.com\\\/index.php\\\/product\\\/a-mig-0701-lavado-acrilico-lavado-afrika-korps\\\/#breadcrumb\"},\"inLanguage\":\"es-AR\",\"potentialAction\":[{\"@type\":\"ReadAction\",\"target\":[\"https:\\\/\\\/modelermaxpro.com\\\/index.php\\\/product\\\/a-mig-0701-lavado-acrilico-lavado-afrika-korps\\\/\"]}]},{\"@type\":\"ImageObject\",\"inLanguage\":\"es-AR\",\"@id\":\"https:\\\/\\\/modelermaxpro.com\\\/index.php\\\/product\\\/a-mig-0701-lavado-acrilico-lavado-afrika-korps\\\/#primaryimage\",\"url\":\"https:\\\/\\\/modelermaxpro.com\\\/wp-content\\\/uploads\\\/2025\\\/03\\\/A.MIG-0701.jpg\",\"contentUrl\":\"https:\\\/\\\/modelermaxpro.com\\\/wp-content\\\/uploads\\\/2025\\\/03\\\/A.MIG-0701.jpg\",\"width\":800,\"height\":800},{\"@type\":\"BreadcrumbList\",\"@id\":\"https:\\\/\\\/modelermaxpro.com\\\/index.php\\\/product\\\/a-mig-0701-lavado-acrilico-lavado-afrika-korps\\\/#breadcrumb\",\"itemListElement\":[{\"@type\":\"ListItem\",\"position\":1,\"name\":\"Inicio\",\"item\":\"https:\\\/\\\/modelermaxpro.com\\\/\"},{\"@type\":\"ListItem\",\"position\":2,\"name\":\"Shop\",\"item\":\"https:\\\/\\\/modelermaxpro.com\\\/index.php\\\/shop\\\/\"},{\"@type\":\"ListItem\",\"position\":3,\"name\":\"A.MIG: 0701 LAVADO ACR\u00cdLICO Lavado Afrika Korps\"}]},{\"@type\":\"WebSite\",\"@id\":\"https:\\\/\\\/modelermaxpro.com\\\/#website\",\"url\":\"https:\\\/\\\/modelermaxpro.com\\\/\",\"name\":\"Modeler Max Pro\",\"description\":\"\",\"publisher\":{\"@id\":\"https:\\\/\\\/modelermaxpro.com\\\/#organization\"},\"potentialAction\":[{\"@type\":\"SearchAction\",\"target\":{\"@type\":\"EntryPoint\",\"urlTemplate\":\"https:\\\/\\\/modelermaxpro.com\\\/?s={search_term_string}\"},\"query-input\":{\"@type\":\"PropertyValueSpecification\",\"valueRequired\":true,\"valueName\":\"search_term_string\"}}],\"inLanguage\":\"es-AR\"},{\"@type\":\"Organization\",\"@id\":\"https:\\\/\\\/modelermaxpro.com\\\/#organization\",\"name\":\"Modeler Max Pro\",\"url\":\"https:\\\/\\\/modelermaxpro.com\\\/\",\"logo\":{\"@type\":\"ImageObject\",\"inLanguage\":\"es-AR\",\"@id\":\"https:\\\/\\\/modelermaxpro.com\\\/#\\\/schema\\\/logo\\\/image\\\/\",\"url\":\"https:\\\/\\\/modelermaxpro.com\\\/wp-content\\\/uploads\\\/2019\\\/11\\\/logos_Modeler-web_Mesa-de-trabajo-1_Mesa-de-trabajo-1.png\",\"contentUrl\":\"https:\\\/\\\/modelermaxpro.com\\\/wp-content\\\/uploads\\\/2019\\\/11\\\/logos_Modeler-web_Mesa-de-trabajo-1_Mesa-de-trabajo-1.png\",\"width\":322,\"height\":72,\"caption\":\"Modeler Max Pro\"},\"image\":{\"@id\":\"https:\\\/\\\/modelermaxpro.com\\\/#\\\/schema\\\/logo\\\/image\\\/\"}}]}<\/script>\n<!-- \/ Yoast SEO plugin. -->","yoast_head_json":{"title":"A.MIG: 0701 LAVADO ACR\u00cdLICO Lavado Afrika Korps - Modeler Max Pro","robots":{"index":"index","follow":"follow","max-snippet":"max-snippet:-1","max-image-preview":"max-image-preview:large","max-video-preview":"max-video-preview:-1"},"canonical":"https:\/\/modelermaxpro.com\/index.php\/product\/a-mig-0701-lavado-acrilico-lavado-afrika-korps\/","og_locale":"es_ES","og_type":"article","og_title":"A.MIG: 0701 LAVADO ACR\u00cdLICO Lavado Afrika Korps - Modeler Max Pro","og_description":"Los lavados son una de las t\u00e9cnicas de modelismo m\u00e1s antiguas y esenciales, utilizadas por todos los modelistas en maquetas y dioramas de todo tipo y tem\u00e1tica. Los lavados de\u00a0AMMO by Mig Jimenez\u00a0est\u00e1n desarrollados con dos formulaciones diferentes, tipo esmalte y tipo acr\u00edlico, con cualidades distintas para adaptarse a las diferentes necesidades de nuestros modelos [&hellip;]","og_url":"https:\/\/modelermaxpro.com\/index.php\/product\/a-mig-0701-lavado-acrilico-lavado-afrika-korps\/","og_site_name":"Modeler Max Pro","article_modified_time":"2025-05-03T14:07:25+00:00","og_image":[{"width":800,"height":800,"url":"https:\/\/modelermaxpro.com\/wp-content\/uploads\/2025\/03\/A.MIG-0701.jpg","type":"image\/jpeg"}],"twitter_card":"summary_large_image","twitter_misc":{"Tiempo de lectura":"2 minutos"},"schema":{"@context":"https:\/\/schema.org","@graph":[{"@type":"WebPage","@id":"https:\/\/modelermaxpro.com\/index.php\/product\/a-mig-0701-lavado-acrilico-lavado-afrika-korps\/","url":"https:\/\/modelermaxpro.com\/index.php\/product\/a-mig-0701-lavado-acrilico-lavado-afrika-korps\/","name":"A.MIG: 0701 LAVADO ACR\u00cdLICO Lavado Afrika Korps - Modeler Max Pro","isPartOf":{"@id":"https:\/\/modelermaxpro.com\/#website"},"primaryImageOfPage":{"@id":"https:\/\/modelermaxpro.com\/index.php\/product\/a-mig-0701-lavado-acrilico-lavado-afrika-korps\/#primaryimage"},"image":{"@id":"https:\/\/modelermaxpro.com\/index.php\/product\/a-mig-0701-lavado-acrilico-lavado-afrika-korps\/#primaryimage"},"thumbnailUrl":"https:\/\/modelermaxpro.com\/wp-content\/uploads\/2025\/03\/A.MIG-0701.jpg","datePublished":"2025-03-21T12:28:58+00:00","dateModified":"2025-05-03T14:07:25+00:00","breadcrumb":{"@id":"https:\/\/modelermaxpro.com\/index.php\/product\/a-mig-0701-lavado-acrilico-lavado-afrika-korps\/#breadcrumb"},"inLanguage":"es-AR","potentialAction":[{"@type":"ReadAction","target":["https:\/\/modelermaxpro.com\/index.php\/product\/a-mig-0701-lavado-acrilico-lavado-afrika-korps\/"]}]},{"@type":"ImageObject","inLanguage":"es-AR","@id":"https:\/\/modelermaxpro.com\/index.php\/product\/a-mig-0701-lavado-acrilico-lavado-afrika-korps\/#primaryimage","url":"https:\/\/modelermaxpro.com\/wp-content\/uploads\/2025\/03\/A.MIG-0701.jpg","contentUrl":"https:\/\/modelermaxpro.com\/wp-content\/uploads\/2025\/03\/A.MIG-0701.jpg","width":800,"height":800},{"@type":"BreadcrumbList","@id":"https:\/\/modelermaxpro.com\/index.php\/product\/a-mig-0701-lavado-acrilico-lavado-afrika-korps\/#breadcrumb","itemListElement":[{"@type":"ListItem","position":1,"name":"Inicio","item":"https:\/\/modelermaxpro.com\/"},{"@type":"ListItem","position":2,"name":"Shop","item":"https:\/\/modelermaxpro.com\/index.php\/shop\/"},{"@type":"ListItem","position":3,"name":"A.MIG: 0701 LAVADO ACR\u00cdLICO Lavado Afrika Korps"}]},{"@type":"WebSite","@id":"https:\/\/modelermaxpro.com\/#website","url":"https:\/\/modelermaxpro.com\/","name":"Modeler Max Pro","description":"","publisher":{"@id":"https:\/\/modelermaxpro.com\/#organization"},"potentialAction":[{"@type":"SearchAction","target":{"@type":"EntryPoint","urlTemplate":"https:\/\/modelermaxpro.com\/?s={search_term_string}"},"query-input":{"@type":"PropertyValueSpecification","valueRequired":true,"valueName":"search_term_string"}}],"inLanguage":"es-AR"},{"@type":"Organization","@id":"https:\/\/modelermaxpro.com\/#organization","name":"Modeler Max Pro","url":"https:\/\/modelermaxpro.com\/","logo":{"@type":"ImageObject","inLanguage":"es-AR","@id":"https:\/\/modelermaxpro.com\/#\/schema\/logo\/image\/","url":"https:\/\/modelermaxpro.com\/wp-content\/uploads\/2019\/11\/logos_Modeler-web_Mesa-de-trabajo-1_Mesa-de-trabajo-1.png","contentUrl":"https:\/\/modelermaxpro.com\/wp-content\/uploads\/2019\/11\/logos_Modeler-web_Mesa-de-trabajo-1_Mesa-de-trabajo-1.png","width":322,"height":72,"caption":"Modeler Max Pro"},"image":{"@id":"https:\/\/modelermaxpro.com\/#\/schema\/logo\/image\/"}}]}},"_links":{"self":[{"href":"https:\/\/modelermaxpro.com\/index.php\/wp-json\/wp\/v2\/product\/9762","targetHints":{"allow":["GET"]}}],"collection":[{"href":"https:\/\/modelermaxpro.com\/index.php\/wp-json\/wp\/v2\/product"}],"about":[{"href":"https:\/\/modelermaxpro.com\/index.php\/wp-json\/wp\/v2\/types\/product"}],"wp:featuredmedia":[{"embeddable":true,"href":"https:\/\/modelermaxpro.com\/index.php\/wp-json\/wp\/v2\/media\/9536"}],"wp:attachment":[{"href":"https:\/\/modelermaxpro.com\/index.php\/wp-json\/wp\/v2\/media?parent=9762"}],"wp:term":[{"taxonomy":"product_brand","embeddable":true,"href":"https:\/\/modelermaxpro.com\/index.php\/wp-json\/wp\/v2\/product_brand?post=9762"},{"taxonomy":"product_cat","embeddable":true,"href":"https:\/\/modelermaxpro.com\/index.php\/wp-json\/wp\/v2\/product_cat?post=9762"},{"taxonomy":"product_tag","embeddable":true,"href":"https:\/\/modelermaxpro.com\/index.php\/wp-json\/wp\/v2\/product_tag?post=9762"}],"curies":[{"name":"wp","href":"https:\/\/api.w.org\/{rel}","templated":true}]}}